 41. Let r = b + -15. List the prime factors of 0/r - 62/(-2).
31
Let i(g) = -58*g - 5. Let t(u) = 58*u + 6. Let q(x) = -5*i(x) - 4*t(x). Let v be q(3). Suppose v = 5*a + 65. What are the prime factors of a?
2, 11
Suppose 5*u = 1330 + 1350. List the prime factors of u.
2, 67
Suppose 3*d - 161 = 4*r, -2*r + 4*r = 2*d - 110. Let y = 131 - d. What are the prime factors of y?
2, 3
Let h = -116 + 145. Suppose -3*l = -4*l + h. List the prime factors of l.
29
Let i = -19 - -23. What are the prime factors of 0 - 28*(3 - i)?
2, 7
Suppose 5*n - 2*t - 23 = 0, 3*t + 3 = -2*n - n. Suppose d - 11 = n*p - 5*p, -4*d + 4*p + 8 = 0. Suppose 54 = d*u - 16. List the prime factors of u.
2, 7
Let m = 8 - 5. Let j be (-1)/((m/1)/12). What are the prime factors of (-1)/j + (-79)/(-4)?
2, 5
Let h = 116 - 149. Suppose -5*w - 10 = i, 3*i - 2*w + 32 = -15. Let c = i - h. What are the prime factors of c?
2, 3
Suppose 3*j - 1275 = 3*x, 4*j + 0*j = 2*x + 1708. What are the prime factors of j?
3, 11, 13
Let y be 9*(-5)/(-30) + (-3)/(-2). Suppose 0 = 5*b + 15, -y*b - 23 = -2*m + 76. What are the prime factors of m?
3, 5
Suppose 3*j = -3*j + 12. Suppose j*i - 382 = -52. List the prime factors of i.
3, 5, 11
What are the prime factors of (-4)/(-14) - (1 + (-75940)/35)?
3, 241
Suppose -4*x - 9 = -5*x - 4*p, -x - 3*p = -6. List the prime factors of 405/5*(5/x + 3).
2, 3
Let u = -37 - 18. Let g be 2960/u + (-6)/33. Let a = 76 + g. List the prime factors of a.
2, 11
Let j = -96 - -74. Suppose z - 14 = 3*z. Let c = z - j. What are the prime factors of c?
3, 5
Suppose 2*h + 11 = 1, 0 = -4*w - 3*h + 1. Let k be (-24)/(-16) - (-194)/w. Suppose 2*r - 75 = -3*b, 2*b = 2*r - 3*r + k. List the prime factors of b.
5
Let h(x) = -2*x - 5 + 1 + 2. Let l be h(-7). What are the prime factors of -24*(20/l)/(-5)?
2
Let o(d) = -84*d + 153. What are the prime factors of o(-22)?
3, 23, 29
Let d(i) = 5*i**2 - 3*i + 11. Suppose -32 + 110 = -13*l. What are the prime factors of d(l)?
11, 19
Suppose -42915 = -41*a + 35805. What are the prime factors of a?
2, 3, 5
Suppose -3*w + 4*f = -325, 6*f - 2 = 5*f. What are the prime factors of w?
3, 37
Let y = -112 + 370. What are the prime factors of y?
2, 3, 43
Let d(s) = -s**2 - 16*s - 15. Let r be d(-11). List the prime factors of 1*7 - r/(-20).
3
Suppose 3*f - 1559 - 366 = 5*c, 0 = -5*f - c + 3171. What are the prime factors of f?
5, 127
Suppose 75 = -i + 4*n, -2*n = -2*i + 2*n - 146. Let f = 78 + i. What are the prime factors of f?
7
What are the prime factors of 4 - (1 - 281)*1?
2, 71
Let l be (3 - (-10)/(-4))*10. Suppose -2*m - k = -4*k + 16, l*k - 10 = -5*m. List the prime factors of (-1)/m*(-6 + 64).
29
Suppose 0 = -26*f + 22*f + 632. Let l = 231 - f. List the prime factors of l.
73
Suppose 815 = -z + 3*z - x, -2*z - 3*x + 811 = 0. What are the prime factors of z?
11, 37
Suppose 12*h - 4*k = 9*h + 1406, -2*h = -3*k - 939. List the prime factors of h.
2, 3, 7, 11
Let p(r) = -8*r - 4 + 13 - 1. What are the prime factors of p(-12)?
2, 13
What are the prime factors of 17024/168*4*3?
2, 19
Let u be 33 + -2 + 1 + -2. Suppose u = 4*r - 38. Suppose 4*v = r + 3. What are the prime factors of v?
5
List the prime factors of (-317)/(-3)*(-216)/(-36).
2, 317
Suppose -127040 = -51*o - 13*o. What are the prime factors of o?
5, 397
Let n be -3*4/(12/59). Let x = 84 + n. Let i = x + -2. What are the prime factors of i?
23
Suppose 4*r = 4, 12288 = 11*x - 7*x + 4*r. What are the prime factors of x?
37, 83
What are the prime factors of (-14)/(-49) - (25887/(-21) - -2)?
1231
Let v = 7227 + -4005. List the prime factors of v.
2, 3, 179
Let t be 2/9 - 80/(-45). Let d(a) = a**3 - 4*a**2 - 4*a. Let g be d(5). Suppose t*b - b = -5*o + 13, -5*b = g*o - 105. What are the prime factors of b?
23
List the prime factors of ((-3)/(-1))/((-11)/(77/(-7))).
3
Let q(w) = -3*w**3 - 16*w**2 - 4*w - 25. What are the prime factors of q(-7)?
2, 31
Let c = 109 + 36. List the prime factors of c.
5, 29
Let r be (-3 - -3 - -1)*0. Let v(u) = -2*u**2 + u + 82. What are the prime factors of v(r)?
2, 41
Suppose 0 = -49*m + 53*m - 1248. List the prime factors of m.
2, 3, 13
Let j(b) = 67*b**2 + 3*b + 2. Let d be j(-1). Suppose 9*n = 8*n + d. What are the prime factors of n?
2, 3, 11
Suppose 5*i - 12*x + 8*x = 5589, -3*x - 3351 = -3*i. List the prime factors of i.
19, 59
Let u = 6 - -1. Suppose 0 = u*i - 11*i + 920. Suppose 0 = -3*y - 4*f + 138, -5*y - 5*f + 2*f = -i. List the prime factors of y.
2, 23
What are the prime factors of (-2 + (-4 - (-27)/2))*2?
3, 5
Suppose 0 = -15*c + 20031 + 10449. List the prime factors of c.
2, 127
What are the prime factors of 2/(-30) + (-1519826)/(-1065)?
1427
Let u(p) = -p**2 - 21*p - 24. Let n be u(-19). Let b = 39 + n. What are the prime factors of b?
53
Suppose 0 = 2*y + 10, -7*y = -k - 5*y + 3475. What are the prime factors of k?
3, 5, 7, 11
Suppose 9*d = d - 72. Let q(v) = -10*v + 48. What are the prime factors of q(d)?
2, 3, 23
Suppose 0 = -i + 2*o + 986, 5*i + 10*o = 9*o + 4963. What are the prime factors of i?
2, 31
Suppose 6*d - 4 = 8. Suppose 787 = 4*h - 5*j, d*h = -j - 2*j + 421. Let o = -142 + h. List the prime factors of o.
61
Let t = 9 + -7. Let b be (-46)/(((-8)/(-6))/t). Let z = b + 132. What are the prime factors of z?
3, 7
Suppose -v + n = -2, 6*n - n = -10. Suppose -2*x + 3*f + 144 = -f, v = -5*x + f + 369. List the prime factors of x.
2, 37
What are the prime factors of ((-1236)/12)/(31/(-10) + 3)?
2, 5, 103
What are the prime factors of ((-66)/(-9) + -8)/(2/(-9609))?
3203
List the prime factors of (52/(-5) + 0)*600/(-48).
2, 5, 13
Suppose -2*j - 87 = j. Let w = -40 + -2. Let o = j - w. List the prime factors of o.
13
Let r = -341 + 561. Suppose -4*b = -0*b + r. List the prime factors of (-9 - 1)*b/22.
5
List the prime factors of 8/(-5) - 6743/(-55).
11
Let m be -44 - -1 - (-1 - -2). Suppose 152 - 1166 = -13*r. Let t = r + m. What are the prime factors of t?
2, 17
Let c = 11758 + -6384. What are the prime factors of c?
2, 2687
Let s = 17 + -23. What are the prime factors of s/18 + (-7)/(-3)?
2
Let s = -19 - -22. Suppose -2*x + s*r = -1, 2*x - 1 = -x + 5*r. Suppose 4*p - x*p = 82. List the prime factors of p.
41
Suppose 2*v - 478 = -2*c, -432 = -4*v - 2*c + 518. Suppose 0 = 4*p + 60 - v. What are the prime factors of p?
2, 11
Suppose 0 = -2*a - 4*k + 92, -a - 1 = -4*k - 29. Let n be (-48)/a*(28 + 2). What are the prime factors of n/(-30)*(-190)/(-4)?
3, 19
Suppose -15*f - 36 = -21*f. Suppose -8*w = -f*w - 202. What are the prime factors of w?
101
Let l be -7*(0 - (1 - -2)). Let z = -18 - -5. Let p = l + z. What are the prime factors of p?
2
Let u = 1 + -2. Let l(i) = -19*i. Let m be l(u). List the prime factors of (m + 0 - 3) + 0.
2
Suppose -f - 2*f = 4*h + 48, -5*f = -h + 57. Let b = f - -33. Suppose 156 = 3*c + b. List the prime factors of c.
3, 5
Suppose -4 = -4*h + 2*f, -4*h + f = 4*f - 24. Suppose -117 = -s - 4*k, -2*k - 111 = -s - h*k. What are the prime factors of s?
109
Suppose -110*v + 3798 = -104*v. List the prime factors of v.
3, 211
Let z(a) = -2*a**3 - 14*a**2 - 4*a - 34. What are the prime factors of z(-10)?
2, 3, 101
Let b(z) = -z**2 - 12*z - 28. Let s be b(-10). Let d = 95 + s. List the prime factors of d.
3, 29
Let f = 49 - 45. Suppose f*a + 2*q - 352 = 0, -a + 5*q = -0*a - 88. List the prime factors of a.
2, 11
Let l = 124 - -171. List the prime factors of l.
5, 59
Let r(k) = 13*k + 53. What are the prime factors of r(19)?
2, 3, 5
Suppose 0 = -3*p + q - 638 + 1748, -3*p + 3*q + 1116 = 0. What are the prime factors of p?
3, 41
Let w = -258 - -426. What are the prime factors of (1 - (-1)/(-3))*w?
2, 7
Suppose k = -3*g + 3*k + 346, -k = -5*g + 565. What are the prime factors of g?
2, 7
Let h(x) = 16*x. Let d be h(1). Let k be (-2)/8 - (-68)/d. What are the prime factors of (5/2)/(k/8)?
5
Let c(n) = n - 1. Let u(r) = -r - 19. Let i(q) = -3*c(q) - u(q). List the prime factors of i(0).
2, 11
Suppose 171 + 692 = 5*f - 2*c, -695 = -4*f - 3*c. Suppose -2*q = -0*q - 5*y + f, 94 = -q + 4*y. What are the prime factors of (-1)/(3 + q/24)?
2, 3
Suppose -3*k + 1912 + 977 = 3*x, 0 = 4*x. What are the prime factors of k?
3, 107
Suppose -x - 4*f + 108 = 0, -540 = -5*x + 2*f - f. Let b = x + -75. What are the prime factors of b?
3, 11
Let d = -11 -